{"id":261,"date":"2022-09-01T15:30:17","date_gmt":"2022-09-01T15:30:17","guid":{"rendered":"https:\/\/blandino.com.do\/site\/?page_id=261"},"modified":"2022-09-01T15:33:40","modified_gmt":"2022-09-01T15:33:40","slug":"servicios-repatriacion","status":"publish","type":"page","link":"https:\/\/blandino.com.do\/site\/servicios-repatriacion\/","title":{"rendered":"Servicios &#8211; Repatriaci\u00f3n"},"content":{"rendered":"\t\t<div data-elementor-type=\"wp-page\" data-elementor-id=\"261\" class=\"elementor elementor-261\" data-elementor-post-type=\"page\">\n\t\t\t\t\t\t<section class=\"elementor-section elementor-top-section elementor-element elementor-element-9acc8a3 elementor-section-boxed elementor-section-height-default elementor-section-height-default\" data-id=\"9acc8a3\" data-element_type=\"section\">\n\t\t\t\t\t\t<div class=\"elementor-container elementor-column-gap-default\">\n\t\t\t\t\t<div class=\"elementor-column elementor-col-33 elementor-top-column elementor-element elementor-element-34464ea\" data-id=\"34464ea\" data-element_type=\"column\">\n\t\t\t<div class=\"elementor-widget-wrap elementor-element-populated\">\n\t\t\t\t\t\t<div class=\"elementor-element elementor-element-50ecfb7 elementor-widget elementor-widget-template\" data-id=\"50ecfb7\" data-element_type=\"widget\" data-widget_type=\"template.default\">\n\t\t\t\t<div class=\"elementor-widget-container\">\n\t\t\t\t\t\t\t<div class=\"elementor-template\">\n\t\t\t\t\t<div data-elementor-type=\"section\" data-elementor-id=\"212\" class=\"elementor elementor-212\" data-elementor-post-type=\"elementor_library\">\n\t\t\t\t\t<div class=\"elementor-section-wrap\">\n\t\t\t\t\t\t\t\t<section class=\"elementor-section elementor-top-section elementor-element elementor-element-1bc8093 elementor-section-boxed elementor-section-height-default elementor-section-height-default\" data-id=\"1bc8093\" data-element_type=\"section\">\n\t\t\t\t\t\t<div class=\"elementor-container elementor-column-gap-default\">\n\t\t\t\t\t<div class=\"elementor-column elementor-col-100 elementor-top-column elementor-element elementor-element-30cee0e\" data-id=\"30cee0e\" data-element_type=\"column\">\n\t\t\t<div class=\"elementor-widget-wrap elementor-element-populated\">\n\t\t\t\t\t\t<div class=\"elementor-element elementor-element-5cd8ccc elementor-nav-menu__align-left elementor-nav-menu--dropdown-none elementor-widget elementor-widget-nav-menu\" data-id=\"5cd8ccc\" data-element_type=\"widget\" data-settings=\"{&quot;layout&quot;:&quot;vertical&quot;,&quot;submenu_icon&quot;:{&quot;value&quot;:&quot;&lt;i class=\\&quot;fas fa-caret-down\\&quot;&gt;&lt;\\\/i&gt;&quot;,&quot;library&quot;:&quot;fa-solid&quot;}}\" data-widget_type=\"nav-menu.default\">\n\t\t\t\t<div class=\"elementor-widget-container\">\n\t\t\t\t\t\t\t\t<nav class=\"elementor-nav-menu--main elementor-nav-menu__container elementor-nav-menu--layout-vertical e--pointer-text e--animation-grow\">\n\t\t\t\t<ul id=\"menu-1-5cd8ccc\" class=\"elementor-nav-menu sm-vertical\"><li class=\"menu-item menu-item-type-post_type menu-item-object-page menu-item-211\"><a href=\"https:\/\/blandino.com.do\/site\/servicios-arreglos-florales\/\" class=\"elementor-item menu-link\">Arreglos Florales<\/a><\/li>\n<li class=\"menu-item menu-item-type-post_type menu-item-object-page menu-item-179\"><a href=\"https:\/\/blandino.com.do\/site\/servicios-velatorios\/\" class=\"elementor-item menu-link\">Velatorios<\/a><\/li>\n<li class=\"menu-item menu-item-type-post_type menu-item-object-page menu-item-260\"><a href=\"https:\/\/blandino.com.do\/site\/servicios-pre-arreglo\/\" class=\"elementor-item menu-link\">Pre-arreglo<\/a><\/li>\n<li class=\"menu-item menu-item-type-post_type menu-item-object-page menu-item-233\"><a href=\"https:\/\/blandino.com.do\/site\/servicios-cremacion\/\" class=\"elementor-item menu-link\">Cremaci\u00f3n<\/a><\/li>\n<li class=\"menu-item menu-item-type-post_type menu-item-object-page menu-item-268\"><a href=\"https:\/\/blandino.com.do\/site\/servicios-repatriacion\/\" class=\"elementor-item menu-link\">Repatriaci\u00f3n<\/a><\/li>\n<li class=\"menu-item menu-item-type-post_type menu-item-object-page menu-item-247\"><a href=\"https:\/\/blandino.com.do\/site\/servicios-exhumacion\/\" class=\"elementor-item menu-link\">Exhumaci\u00f3n<\/a><\/li>\n<li class=\"menu-item menu-item-type-post_type menu-item-object-page menu-item-298\"><a href=\"https:\/\/blandino.com.do\/site\/servicios-traslados\/\" class=\"elementor-item menu-link\">Traslados<\/a><\/li>\n<li class=\"menu-item menu-item-type-post_type menu-item-object-page menu-item-288\"><a href=\"https:\/\/blandino.com.do\/site\/otros-servicios\/\" class=\"elementor-item menu-link\">Servicios adicionales<\/a><\/li>\n<li class=\"menu-item menu-item-type-post_type menu-item-object-page menu-item-917\"><a href=\"https:\/\/blandino.com.do\/site\/servicios-cementerio\/\" class=\"elementor-item menu-link\">Cementerio<\/a><\/li>\n<li class=\"menu-item menu-item-type-custom menu-item-object-custom menu-item-160\"><a href=\"#\" class=\"elementor-item elementor-item-anchor menu-link\">Enviar tarjeta<\/a><\/li>\n<\/ul>\t\t\t<\/nav>\n\t\t\t\t\t\t<nav class=\"elementor-nav-menu--dropdown elementor-nav-menu__container\" aria-hidden=\"true\">\n\t\t\t\t<ul id=\"menu-2-5cd8ccc\" class=\"elementor-nav-menu sm-vertical\"><li class=\"menu-item menu-item-type-post_type menu-item-object-page menu-item-211\"><a href=\"https:\/\/blandino.com.do\/site\/servicios-arreglos-florales\/\" class=\"elementor-item menu-link\" tabindex=\"-1\">Arreglos Florales<\/a><\/li>\n<li class=\"menu-item menu-item-type-post_type menu-item-object-page menu-item-179\"><a href=\"https:\/\/blandino.com.do\/site\/servicios-velatorios\/\" class=\"elementor-item menu-link\" tabindex=\"-1\">Velatorios<\/a><\/li>\n<li class=\"menu-item menu-item-type-post_type menu-item-object-page menu-item-260\"><a href=\"https:\/\/blandino.com.do\/site\/servicios-pre-arreglo\/\" class=\"elementor-item menu-link\" tabindex=\"-1\">Pre-arreglo<\/a><\/li>\n<li class=\"menu-item menu-item-type-post_type menu-item-object-page menu-item-233\"><a href=\"https:\/\/blandino.com.do\/site\/servicios-cremacion\/\" class=\"elementor-item menu-link\" tabindex=\"-1\">Cremaci\u00f3n<\/a><\/li>\n<li class=\"menu-item menu-item-type-post_type menu-item-object-page menu-item-268\"><a href=\"https:\/\/blandino.com.do\/site\/servicios-repatriacion\/\" class=\"elementor-item menu-link\" tabindex=\"-1\">Repatriaci\u00f3n<\/a><\/li>\n<li class=\"menu-item menu-item-type-post_type menu-item-object-page menu-item-247\"><a href=\"https:\/\/blandino.com.do\/site\/servicios-exhumacion\/\" class=\"elementor-item menu-link\" tabindex=\"-1\">Exhumaci\u00f3n<\/a><\/li>\n<li class=\"menu-item menu-item-type-post_type menu-item-object-page menu-item-298\"><a href=\"https:\/\/blandino.com.do\/site\/servicios-traslados\/\" class=\"elementor-item menu-link\" tabindex=\"-1\">Traslados<\/a><\/li>\n<li class=\"menu-item menu-item-type-post_type menu-item-object-page menu-item-288\"><a href=\"https:\/\/blandino.com.do\/site\/otros-servicios\/\" class=\"elementor-item menu-link\" tabindex=\"-1\">Servicios adicionales<\/a><\/li>\n<li class=\"menu-item menu-item-type-post_type menu-item-object-page menu-item-917\"><a href=\"https:\/\/blandino.com.do\/site\/servicios-cementerio\/\" class=\"elementor-item menu-link\" tabindex=\"-1\">Cementerio<\/a><\/li>\n<li class=\"menu-item menu-item-type-custom menu-item-object-custom menu-item-160\"><a href=\"#\" class=\"elementor-item elementor-item-anchor menu-link\" tabindex=\"-1\">Enviar tarjeta<\/a><\/li>\n<\/ul>\t\t\t<\/nav>\n\t\t\t\t\t\t<\/div>\n\t\t\t\t<\/div>\n\t\t\t\t\t<\/div>\n\t\t<\/div>\n\t\t\t\t\t<\/div>\n\t\t<\/section>\n\t\t\t\t\t\t\t<\/div>\n\t\t\t\t<\/div>\n\t\t\t\t<\/div>\n\t\t\t\t\t\t<\/div>\n\t\t\t\t<\/div>\n\t\t\t\t\t<\/div>\n\t\t<\/div>\n\t\t\t\t<div class=\"elementor-column elementor-col-33 elementor-top-column elementor-element elementor-element-e175bd5\" data-id=\"e175bd5\" data-element_type=\"column\">\n\t\t\t<div class=\"elementor-widget-wrap elementor-element-populated\">\n\t\t\t\t\t\t<div class=\"elementor-element elementor-element-9be3d61 elementor-widget elementor-widget-heading\" data-id=\"9be3d61\" data-element_type=\"widget\" data-widget_type=\"heading.default\">\n\t\t\t\t<div class=\"elementor-widget-container\">\n\t\t\t\t\t<h2 class=\"elementor-heading-title elementor-size-default\">Repatriaci\u00f3n<\/h2>\t\t\t\t<\/div>\n\t\t\t\t<\/div>\n\t\t\t\t<div class=\"elementor-element elementor-element-b84045a elementor-widget elementor-widget-text-editor\" data-id=\"b84045a\" data-element_type=\"widget\" data-widget_type=\"text-editor.default\">\n\t\t\t\t<div class=\"elementor-widget-container\">\n\t\t\t\t\t\t\t\t\t<p>Cuando fallece un extranjero en el pa\u00eds, el acompa\u00f1ante puede contactar de inmediato:<\/p><p>\u2022 Al representante del tour operador con quien compr\u00f3 ese paquete de vacaciones.<br \/>\u2022 A su consulado.<br \/>\u2022 O a nuestro representante de Servicio al Cliente:<\/p><p>Zona Este (Higuey, B\u00e1varo, Punta Cana)<br \/><strong>(809) 440-0147<\/strong><\/p><p>Puerto Plata<br \/><strong>(809) 722-3913<\/strong><\/p><p>Cualquier otro punto del pa\u00eds<br \/><strong>(809) 533-4000<\/strong><\/p><p>El fallecido ser\u00e1 trasladado al Instituto Nacional de Patolog\u00eda Forense para fines de autopsia.<\/p>\t\t\t\t\t\t\t\t<\/div>\n\t\t\t\t<\/div>\n\t\t\t\t\t<\/div>\n\t\t<\/div>\n\t\t\t\t<div class=\"elementor-column elementor-col-33 elementor-top-column elementor-element elementor-element-9a445dd\" data-id=\"9a445dd\" data-element_type=\"column\">\n\t\t\t<div class=\"elementor-widget-wrap elementor-element-populated\">\n\t\t\t\t\t\t<div class=\"elementor-element elementor-element-58bef1d elementor-widget elementor-widget-image\" data-id=\"58bef1d\" data-element_type=\"widget\" data-widget_type=\"image.default\">\n\t\t\t\t<div class=\"elementor-widget-container\">\n\t\t\t\t\t\t\t\t\t\t\t\t\t\t\t<img fetchpriority=\"high\" decoding=\"async\" width=\"599\" height=\"885\" src=\"https:\/\/blandino.com.do\/site\/wp-content\/uploads\/2022\/09\/repatriacion-imagen.jpg\" class=\"attachment-large size-large wp-image-263\" alt=\"\" srcset=\"https:\/\/blandino.com.do\/site\/wp-content\/uploads\/2022\/09\/repatriacion-imagen.jpg 599w, https:\/\/blandino.com.do\/site\/wp-content\/uploads\/2022\/09\/repatriacion-imagen-203x300.jpg 203w\" sizes=\"(max-width: 599px) 100vw, 599px\" \/>\t\t\t\t\t\t\t\t\t\t\t\t\t\t\t<\/div>\n\t\t\t\t<\/div>\n\t\t\t\t\t<\/div>\n\t\t<\/div>\n\t\t\t\t\t<\/div>\n\t\t<\/section>\n\t\t\t\t<\/div>\n\t\t","protected":false},"excerpt":{"rendered":"<p>Repatriaci\u00f3n Cuando fallece un extranjero en el pa\u00eds, el acompa\u00f1ante puede contactar de inmediato: \u2022 Al representante del tour operador con quien compr\u00f3 ese paquete de vacaciones.\u2022 A su consulado.\u2022 O a nuestro representante de Servicio al Cliente: Zona Este (Higuey, B\u00e1varo, Punta Cana)(809) 440-0147 Puerto Plata(809) 722-3913 Cualquier otro punto del pa\u00eds(809) 533-4000 El &hellip;<\/p>\n<p class=\"read-more\"> <a class=\"\" href=\"https:\/\/blandino.com.do\/site\/servicios-repatriacion\/\"> <span class=\"screen-reader-text\">Servicios &#8211; Repatriaci\u00f3n<\/span> Leer m\u00e1s &raquo;<\/a><\/p>\n","protected":false},"author":1,"featured_media":0,"parent":0,"menu_order":0,"comment_status":"closed","ping_status":"closed","template":"","meta":{"site-sidebar-layout":"no-sidebar","site-content-layout":"page-builder","ast-global-header-display":"","ast-banner-title-visibility":"","ast-main-header-display":"","ast-hfb-above-header-display":"","ast-hfb-below-header-display":"","ast-hfb-mobile-header-display":"","site-post-title":"disabled","ast-breadcrumbs-content":"","ast-featured-img":"disabled","footer-sml-layout":"","theme-transparent-header-meta":"","adv-header-id-meta":"","stick-header-meta":"","header-above-stick-meta":"","header-main-stick-meta":"","header-below-stick-meta":"","footnotes":""},"class_list":["post-261","page","type-page","status-publish","hentry"],"_links":{"self":[{"href":"https:\/\/blandino.com.do\/site\/wp-json\/wp\/v2\/pages\/261","targetHints":{"allow":["GET"]}}],"collection":[{"href":"https:\/\/blandino.com.do\/site\/wp-json\/wp\/v2\/pages"}],"about":[{"href":"https:\/\/blandino.com.do\/site\/wp-json\/wp\/v2\/types\/page"}],"author":[{"embeddable":true,"href":"https:\/\/blandino.com.do\/site\/wp-json\/wp\/v2\/users\/1"}],"replies":[{"embeddable":true,"href":"https:\/\/blandino.com.do\/site\/wp-json\/wp\/v2\/comments?post=261"}],"version-history":[{"count":7,"href":"https:\/\/blandino.com.do\/site\/wp-json\/wp\/v2\/pages\/261\/revisions"}],"predecessor-version":[{"id":271,"href":"https:\/\/blandino.com.do\/site\/wp-json\/wp\/v2\/pages\/261\/revisions\/271"}],"wp:attachment":[{"href":"https:\/\/blandino.com.do\/site\/wp-json\/wp\/v2\/media?parent=261"}],"curies":[{"name":"wp","href":"https:\/\/api.w.org\/{rel}","templated":true}]}}