{"id":316,"date":"2022-09-01T16:24:03","date_gmt":"2022-09-01T16:24:03","guid":{"rendered":"https:\/\/blandino.com.do\/site\/?page_id=316"},"modified":"2022-10-11T22:14:37","modified_gmt":"2022-10-11T22:14:37","slug":"en-caso-de-fallecimiento","status":"publish","type":"page","link":"https:\/\/blandino.com.do\/site\/en-caso-de-fallecimiento\/","title":{"rendered":"En caso de fallecimiento"},"content":{"rendered":"\t\t<div data-elementor-type=\"wp-page\" data-elementor-id=\"316\" class=\"elementor elementor-316\" data-elementor-post-type=\"page\">\n\t\t\t\t\t\t<section class=\"elementor-section elementor-top-section elementor-element elementor-element-4351176 elementor-section-boxed elementor-section-height-default elementor-section-height-default\" data-id=\"4351176\" data-element_type=\"section\">\n\t\t\t\t\t\t<div class=\"elementor-container elementor-column-gap-no\">\n\t\t\t\t\t<div class=\"elementor-column elementor-col-100 elementor-top-column elementor-element elementor-element-fd1293e\" data-id=\"fd1293e\" data-element_type=\"column\">\n\t\t\t<div class=\"elementor-widget-wrap elementor-element-populated\">\n\t\t\t\t\t\t<div class=\"elementor-element elementor-element-60ae9b6 elementor-widget elementor-widget-image\" data-id=\"60ae9b6\" data-element_type=\"widget\" data-widget_type=\"image.default\">\n\t\t\t\t<div class=\"elementor-widget-container\">\n\t\t\t\t\t\t\t\t\t\t\t\t\t\t\t<img fetchpriority=\"high\" decoding=\"async\" width=\"1598\" height=\"766\" src=\"https:\/\/blandino.com.do\/site\/wp-content\/uploads\/2022\/09\/fallecimiento-imagen.jpg\" class=\"attachment-full size-full wp-image-321\" alt=\"\" srcset=\"https:\/\/blandino.com.do\/site\/wp-content\/uploads\/2022\/09\/fallecimiento-imagen.jpg 1598w, https:\/\/blandino.com.do\/site\/wp-content\/uploads\/2022\/09\/fallecimiento-imagen-300x144.jpg 300w, https:\/\/blandino.com.do\/site\/wp-content\/uploads\/2022\/09\/fallecimiento-imagen-1024x491.jpg 1024w, https:\/\/blandino.com.do\/site\/wp-content\/uploads\/2022\/09\/fallecimiento-imagen-768x368.jpg 768w, https:\/\/blandino.com.do\/site\/wp-content\/uploads\/2022\/09\/fallecimiento-imagen-1536x736.jpg 1536w\" sizes=\"(max-width: 1598px) 100vw, 1598px\" \/>\t\t\t\t\t\t\t\t\t\t\t\t\t\t\t<\/div>\n\t\t\t\t<\/div>\n\t\t\t\t\t<\/div>\n\t\t<\/div>\n\t\t\t\t\t<\/div>\n\t\t<\/section>\n\t\t\t\t<section class=\"elementor-section elementor-top-section elementor-element elementor-element-43035b5 elementor-section-boxed elementor-section-height-default elementor-section-height-default\" data-id=\"43035b5\" data-element_type=\"section\">\n\t\t\t\t\t\t<div class=\"elementor-container elementor-column-gap-no\">\n\t\t\t\t\t<div class=\"elementor-column elementor-col-50 elementor-top-column elementor-element elementor-element-65525cb\" data-id=\"65525cb\" data-element_type=\"column\" data-settings=\"{&quot;background_background&quot;:&quot;classic&quot;}\">\n\t\t\t<div class=\"elementor-widget-wrap elementor-element-populated\">\n\t\t\t\t\t\t<div class=\"elementor-element elementor-element-564553a elementor-widget elementor-widget-heading\" data-id=\"564553a\" data-element_type=\"widget\" data-widget_type=\"heading.default\">\n\t\t\t\t<div class=\"elementor-widget-container\">\n\t\t\t\t\t<h2 class=\"elementor-heading-title elementor-size-default\">Fallecimiento en casa<\/h2>\t\t\t\t<\/div>\n\t\t\t\t<\/div>\n\t\t\t\t<div class=\"elementor-element elementor-element-557bae8 elementor-widget elementor-widget-text-editor\" data-id=\"557bae8\" data-element_type=\"widget\" data-widget_type=\"text-editor.default\">\n\t\t\t\t<div class=\"elementor-widget-container\">\n\t\t\t\t\t\t\t\t\t<p>El fallecimiento en casa, en muchos casos implica la presencia de un m\u00e9dico legista, quien emite el acta de defunci\u00f3n o en su criterio, en el caso de que entienda que el origen de la muerte no es claramente detectable puede remitir el cuerpo al Instituto Nacional de Patolog\u00eda Forense para fines de autopsia.<\/p>\t\t\t\t\t\t\t\t<\/div>\n\t\t\t\t<\/div>\n\t\t\t\t\t<\/div>\n\t\t<\/div>\n\t\t\t\t<div class=\"elementor-column elementor-col-50 elementor-top-column elementor-element elementor-element-71f37d4\" data-id=\"71f37d4\" data-element_type=\"column\">\n\t\t\t<div class=\"elementor-widget-wrap elementor-element-populated\">\n\t\t\t\t\t\t<div class=\"elementor-element elementor-element-eed8687 elementor-widget elementor-widget-image\" data-id=\"eed8687\" data-element_type=\"widget\" data-widget_type=\"image.default\">\n\t\t\t\t<div class=\"elementor-widget-container\">\n\t\t\t\t\t\t\t\t\t\t\t\t\t\t\t<img decoding=\"async\" width=\"792\" height=\"400\" src=\"https:\/\/blandino.com.do\/site\/wp-content\/uploads\/2022\/09\/fallecimiento-img-1.jpg\" class=\"attachment-large size-large wp-image-326\" alt=\"\" srcset=\"https:\/\/blandino.com.do\/site\/wp-content\/uploads\/2022\/09\/fallecimiento-img-1.jpg 792w, https:\/\/blandino.com.do\/site\/wp-content\/uploads\/2022\/09\/fallecimiento-img-1-300x152.jpg 300w, https:\/\/blandino.com.do\/site\/wp-content\/uploads\/2022\/09\/fallecimiento-img-1-768x388.jpg 768w\" sizes=\"(max-width: 792px) 100vw, 792px\" \/>\t\t\t\t\t\t\t\t\t\t\t\t\t\t\t<\/div>\n\t\t\t\t<\/div>\n\t\t\t\t\t<\/div>\n\t\t<\/div>\n\t\t\t\t\t<\/div>\n\t\t<\/section>\n\t\t\t\t<section class=\"elementor-section elementor-top-section elementor-element elementor-element-84bc52c elementor-section-boxed elementor-section-height-default elementor-section-height-default\" data-id=\"84bc52c\" data-element_type=\"section\">\n\t\t\t\t\t\t<div class=\"elementor-container elementor-column-gap-no\">\n\t\t\t\t\t<div class=\"elementor-column elementor-col-50 elementor-top-column elementor-element elementor-element-de3d97a\" data-id=\"de3d97a\" data-element_type=\"column\">\n\t\t\t<div class=\"elementor-widget-wrap elementor-element-populated\">\n\t\t\t\t\t\t<div class=\"elementor-element elementor-element-77f5dfe elementor-widget elementor-widget-image\" data-id=\"77f5dfe\" data-element_type=\"widget\" data-widget_type=\"image.default\">\n\t\t\t\t<div class=\"elementor-widget-container\">\n\t\t\t\t\t\t\t\t\t\t\t\t\t\t\t<img decoding=\"async\" width=\"789\" height=\"724\" src=\"https:\/\/blandino.com.do\/site\/wp-content\/uploads\/2022\/09\/fallecimiento-img-2.jpg\" class=\"attachment-large size-large wp-image-337\" alt=\"\" srcset=\"https:\/\/blandino.com.do\/site\/wp-content\/uploads\/2022\/09\/fallecimiento-img-2.jpg 789w, https:\/\/blandino.com.do\/site\/wp-content\/uploads\/2022\/09\/fallecimiento-img-2-300x275.jpg 300w, https:\/\/blandino.com.do\/site\/wp-content\/uploads\/2022\/09\/fallecimiento-img-2-768x705.jpg 768w\" sizes=\"(max-width: 789px) 100vw, 789px\" \/>\t\t\t\t\t\t\t\t\t\t\t\t\t\t\t<\/div>\n\t\t\t\t<\/div>\n\t\t\t\t\t<\/div>\n\t\t<\/div>\n\t\t\t\t<div class=\"elementor-column elementor-col-50 elementor-top-column elementor-element elementor-element-1a613ba\" data-id=\"1a613ba\" data-element_type=\"column\" data-settings=\"{&quot;background_background&quot;:&quot;classic&quot;}\">\n\t\t\t<div class=\"elementor-widget-wrap elementor-element-populated\">\n\t\t\t\t\t\t<div class=\"elementor-element elementor-element-299eb7a elementor-widget elementor-widget-heading\" data-id=\"299eb7a\" data-element_type=\"widget\" data-widget_type=\"heading.default\">\n\t\t\t\t<div class=\"elementor-widget-container\">\n\t\t\t\t\t<h2 class=\"elementor-heading-title elementor-size-default\">Muerte en cl\u00ednica\nu hospital<\/h2>\t\t\t\t<\/div>\n\t\t\t\t<\/div>\n\t\t\t\t<div class=\"elementor-element elementor-element-f422228 elementor-widget elementor-widget-text-editor\" data-id=\"f422228\" data-element_type=\"widget\" data-widget_type=\"text-editor.default\">\n\t\t\t\t<div class=\"elementor-widget-container\">\n\t\t\t\t\t\t\t\t\t<p>En caso de que tenga un pre-arreglo s\u00f3lo tiene que llamarnos. De lo contario, debe pasar por cualquiera de nuestras sucursales a suscribir el contrato.<\/p><p>Se debe de solicitar al m\u00e9dico que expida el acta de defunci\u00f3n y tambi\u00e9n realizar el pago de los servicios m\u00e9dicos. La funeraria s\u00f3lo puede retirar el cuerpo cuando el acta de defunci\u00f3n est\u00e9 lista y en algunos centros no permiten la salida hasta que la cuenta est\u00e9 saldada.<\/p><p>Inmediatamente estos pasos esten realizados debe llamarse a la funeraria para que se pueda recoger el fallecido.<\/p>\t\t\t\t\t\t\t\t<\/div>\n\t\t\t\t<\/div>\n\t\t\t\t\t<\/div>\n\t\t<\/div>\n\t\t\t\t\t<\/div>\n\t\t<\/section>\n\t\t\t\t<section class=\"elementor-section elementor-top-section elementor-element elementor-element-31576d6 elementor-section-boxed elementor-section-height-default elementor-section-height-default\" data-id=\"31576d6\" data-element_type=\"section\">\n\t\t\t\t\t\t<div class=\"elementor-container elementor-column-gap-no\">\n\t\t\t\t\t<div class=\"elementor-column elementor-col-50 elementor-top-column elementor-element elementor-element-1ad0bbf\" data-id=\"1ad0bbf\" data-element_type=\"column\" data-settings=\"{&quot;background_background&quot;:&quot;classic&quot;}\">\n\t\t\t<div class=\"elementor-widget-wrap elementor-element-populated\">\n\t\t\t\t\t\t<div class=\"elementor-element elementor-element-7c52e6b elementor-widget elementor-widget-heading\" data-id=\"7c52e6b\" data-element_type=\"widget\" data-widget_type=\"heading.default\">\n\t\t\t\t<div class=\"elementor-widget-container\">\n\t\t\t\t\t<h2 class=\"elementor-heading-title elementor-size-default\">\u00bfQu\u00e9 hacer cuando un\nser querido se nos ha ido?<\/h2>\t\t\t\t<\/div>\n\t\t\t\t<\/div>\n\t\t\t\t<div class=\"elementor-element elementor-element-653e673 elementor-widget elementor-widget-text-editor\" data-id=\"653e673\" data-element_type=\"widget\" data-widget_type=\"text-editor.default\">\n\t\t\t\t<div class=\"elementor-widget-container\">\n\t\t\t\t\t\t\t\t\t<p><span style=\"color: #79add3;\">Lista de contactos:<\/span><br \/>Comit\u00e9 de Retiro de la Polic\u00eda Nacional (COREPOL)<br \/><strong>809-535-6969<\/strong><br \/>Instituto de Seguridad Social de la Polic\u00eda Nacional (ISSPOL)<br \/><strong>809-533-1411<\/strong><br \/>Instituto de Seguridad Social de las Fuerzas Armadas (ISSFAA)<br \/><strong>809-363-0430<\/strong><br \/>DATACREDITO<br \/><strong>809-533-4419<\/strong><br \/>TRANSUNION<br \/><strong>809-567-7418<\/strong><br \/>Para la Oficial\u00eda Civil, nosotros le atendemos directamente desde Funeraria Blandino<br \/><strong>809-533-3232<\/strong><\/p>\t\t\t\t\t\t\t\t<\/div>\n\t\t\t\t<\/div>\n\t\t\t\t\t<\/div>\n\t\t<\/div>\n\t\t\t\t<div class=\"elementor-column elementor-col-50 elementor-top-column elementor-element elementor-element-45ced3c\" data-id=\"45ced3c\" data-element_type=\"column\">\n\t\t\t<div class=\"elementor-widget-wrap elementor-element-populated\">\n\t\t\t\t\t\t<div class=\"elementor-element elementor-element-52a7f6c elementor-widget elementor-widget-image\" data-id=\"52a7f6c\" data-element_type=\"widget\" data-widget_type=\"image.default\">\n\t\t\t\t<div class=\"elementor-widget-container\">\n\t\t\t\t\t\t\t\t\t\t\t\t\t\t\t<img loading=\"lazy\" decoding=\"async\" width=\"792\" height=\"861\" src=\"https:\/\/blandino.com.do\/site\/wp-content\/uploads\/2022\/09\/fallecimiento-img-3.jpg\" class=\"attachment-large size-large wp-image-347\" alt=\"\" srcset=\"https:\/\/blandino.com.do\/site\/wp-content\/uploads\/2022\/09\/fallecimiento-img-3.jpg 792w, https:\/\/blandino.com.do\/site\/wp-content\/uploads\/2022\/09\/fallecimiento-img-3-276x300.jpg 276w, https:\/\/blandino.com.do\/site\/wp-content\/uploads\/2022\/09\/fallecimiento-img-3-768x835.jpg 768w\" sizes=\"(max-width: 792px) 100vw, 792px\" \/>\t\t\t\t\t\t\t\t\t\t\t\t\t\t\t<\/div>\n\t\t\t\t<\/div>\n\t\t\t\t\t<\/div>\n\t\t<\/div>\n\t\t\t\t\t<\/div>\n\t\t<\/section>\n\t\t\t\t<\/div>\n\t\t","protected":false},"excerpt":{"rendered":"<p>Fallecimiento en casa El fallecimiento en casa, en muchos casos implica la presencia de un m\u00e9dico legista, quien emite el acta de defunci\u00f3n o en su criterio, en el caso de que entienda que el origen de la muerte no es claramente detectable puede remitir el cuerpo al Instituto Nacional de Patolog\u00eda Forense para fines &hellip;<\/p>\n<p class=\"read-more\"> <a class=\"\" href=\"https:\/\/blandino.com.do\/site\/en-caso-de-fallecimiento\/\"> <span class=\"screen-reader-text\">En caso de fallecimiento<\/span> Leer m\u00e1s &raquo;<\/a><\/p>\n","protected":false},"author":1,"featured_media":0,"parent":0,"menu_order":0,"comment_status":"closed","ping_status":"closed","template":"","meta":{"site-sidebar-layout":"no-sidebar","site-content-layout":"page-builder","ast-global-header-display":"","ast-banner-title-visibility":"","ast-main-header-display":"","ast-hfb-above-header-display":"","ast-hfb-below-header-display":"","ast-hfb-mobile-header-display":"","site-post-title":"disabled","ast-breadcrumbs-content":"","ast-featured-img":"disabled","footer-sml-layout":"","theme-transparent-header-meta":"","adv-header-id-meta":"","stick-header-meta":"","header-above-stick-meta":"","header-main-stick-meta":"","header-below-stick-meta":"","footnotes":""},"class_list":["post-316","page","type-page","status-publish","hentry"],"_links":{"self":[{"href":"https:\/\/blandino.com.do\/site\/wp-json\/wp\/v2\/pages\/316","targetHints":{"allow":["GET"]}}],"collection":[{"href":"https:\/\/blandino.com.do\/site\/wp-json\/wp\/v2\/pages"}],"about":[{"href":"https:\/\/blandino.com.do\/site\/wp-json\/wp\/v2\/types\/page"}],"author":[{"embeddable":true,"href":"https:\/\/blandino.com.do\/site\/wp-json\/wp\/v2\/users\/1"}],"replies":[{"embeddable":true,"href":"https:\/\/blandino.com.do\/site\/wp-json\/wp\/v2\/comments?post=316"}],"version-history":[{"count":34,"href":"https:\/\/blandino.com.do\/site\/wp-json\/wp\/v2\/pages\/316\/revisions"}],"predecessor-version":[{"id":864,"href":"https:\/\/blandino.com.do\/site\/wp-json\/wp\/v2\/pages\/316\/revisions\/864"}],"wp:attachment":[{"href":"https:\/\/blandino.com.do\/site\/wp-json\/wp\/v2\/media?parent=316"}],"curies":[{"name":"wp","href":"https:\/\/api.w.org\/{rel}","templated":true}]}}